{"version":"1.0","provider_name":"Electrosuisse","provider_url":"https:\/\/www.electrosuisse.ch\/it\/","author_name":"Nalini Schempp","author_url":"https:\/\/www.electrosuisse.ch\/it\/author\/schempp\/","title":"Pi\u00f9 sostenibilit\u00e0 nell'elettromobilit\u00e0 - Electrosuisse","type":"rich","width":600,"height":338,"html":"<blockquote class=\"wp-embedded-content\" data-secret=\"zMDJ0xL0BT\"><a href=\"https:\/\/www.electrosuisse.ch\/it\/piu-sostenibilita-nellelettromobilita\/\">Pi\u00f9 sostenibilit\u00e0 nell&#8217;elettromobilit\u00e0<\/a><\/blockquote><iframe sandbox=\"allow-scripts\" security=\"restricted\" src=\"https:\/\/www.electrosuisse.ch\/it\/piu-sostenibilita-nellelettromobilita\/embed\/#?secret=zMDJ0xL0BT\" width=\"600\" height=\"338\" title=\"&#8220;Pi\u00f9 sostenibilit\u00e0 nell&#8217;elettromobilit\u00e0&#8221; &#8212; Electrosuisse\" data-secret=\"zMDJ0xL0BT\" frameborder=\"0\" marginwidth=\"0\" marginheight=\"0\" scrolling=\"no\" class=\"wp-embedded-content\"><\/iframe><script type=\"text\/javascript\">\n\/* <![CDATA[ *\/\n\/*! This file is auto-generated *\/\n!function(d,l){\"use strict\";l.querySelector&&d.addEventListener&&\"undefined\"!=typeof URL&&(d.wp=d.wp||{},d.wp.receiveEmbedMessage||(d.wp.receiveEmbedMessage=function(e){var t=e.data;if((t||t.secret||t.message||t.value)&&!\/[^a-zA-Z0-9]\/.test(t.secret)){for(var s,r,n,a=l.querySelectorAll('iframe[data-secret=\"'+t.secret+'\"]'),o=l.querySelectorAll('blockquote[data-secret=\"'+t.secret+'\"]'),c=new RegExp(\"^https?:$\",\"i\"),i=0;i<o.length;i++)o[i].style.display=\"none\";for(i=0;i<a.length;i++)s=a[i],e.source===s.contentWindow&&(s.removeAttribute(\"style\"),\"height\"===t.message?(1e3<(r=parseInt(t.value,10))?r=1e3:~~r<200&&(r=200),s.height=r):\"link\"===t.message&&(r=new URL(s.getAttribute(\"src\")),n=new URL(t.value),c.test(n.protocol))&&n.host===r.host&&l.activeElement===s&&(d.top.location.href=t.value))}},d.addEventListener(\"message\",d.wp.receiveEmbedMessage,!1),l.addEventListener(\"DOMContentLoaded\",function(){for(var e,t,s=l.querySelectorAll(\"iframe.wp-embedded-content\"),r=0;r<s.length;r++)(t=(e=s[r]).getAttribute(\"data-secret\"))||(t=Math.random().toString(36).substring(2,12),e.src+=\"#?secret=\"+t,e.setAttribute(\"data-secret\",t)),e.contentWindow.postMessage({message:\"ready\",secret:t},\"*\")},!1)))}(window,document);\n\/\/# sourceURL=https:\/\/www.electrosuisse.ch\/wp-includes\/js\/wp-embed.min.js\n\/* ]]> *\/\n<\/script>\n","description":"[vc_row][vc_column][vc_column_text]Per determinare le condizioni delle celle della batteria in modo pi\u00f9 preciso ed evitare onerose prove di laboratorio, presso il Fraunhofer IFAM di Brema \u00e8 stato ulteriormente sviluppato il metodo per determinare la resistenza della corrente alternata all&#8217;interno della batteria utilizzando la spettroscopia di impedenza dinamica. In questo modo \u00e8 possibile effettuare misurazioni durante il [&hellip;]","thumbnail_url":"https:\/\/www.electrosuisse.ch\/wp-content\/uploads\/2025\/04\/electrosuisse-logo-1200x675-1.png","thumbnail_width":1200,"thumbnail_height":675}

Più sostenibilità nell'elettromobilità - Electrosuisse

<blockquote class="wp-embedded-content" data-secret="zMDJ0xL0BT"><a href="https://www.electrosuisse.ch/it/piu-sostenibilita-nellelettromobilita/">Più sostenibilità nell&#8217;elettromobilità</a></blockquote><iframe sandbox="allow-scripts" security="restricted" src="https://www.electrosuisse.ch/it/piu-sostenibilita-nellelettromobilita/embed/#?secret=zMDJ0xL0BT" width="600" height="338" title="&#8220;Più sostenibilità nell&#8217;elettromobilità&#8221; &#8212; Electrosuisse" data-secret="zMDJ0xL0BT" frameborder="0" marginwidth="0" marginheight="0" scrolling="no" class="wp-embedded-content"></iframe><script type="text/javascript">
/* <![CDATA[ */
/*! This file is auto-generated */
!function(d,l){"use strict";l.querySelector&&d.addEventListener&&"undefined"!=typeof URL&&(d.wp=d.wp||{},d.wp.receiveEmbedMessage||(d.wp.receiveEmbedMessage=function(e){var t=e.data;if((t||t.secret||t.message||t.value)&&!/[^a-zA-Z0-9]/.test(t.secret)){for(var s,r,n,a=l.querySelectorAll('iframe[data-secret="'+t.secret+'"]'),o=l.querySelectorAll('blockquote[data-secret="'+t.secret+'"]'),c=new RegExp("^https?:$","i"),i=0;i<o.length;i++)o[i].style.display="none";for(i=0;i<a.length;i++)s=a[i],e.source===s.contentWindow&&(s.removeAttribute("style"),"height"===t.message?(1e3<(r=parseInt(t.value,10))?r=1e3:~~r<200&&(r=200),s.height=r):"link"===t.message&&(r=new URL(s.getAttribute("src")),n=new URL(t.value),c.test(n.protocol))&&n.host===r.host&&l.activeElement===s&&(d.top.location.href=t.value))}},d.addEventListener("message",d.wp.receiveEmbedMessage,!1),l.addEventListener("DOMContentLoaded",function(){for(var e,t,s=l.querySelectorAll("iframe.wp-embedded-content"),r=0;r<s.length;r++)(t=(e=s[r]).getAttribute("data-secret"))||(t=Math.random().toString(36).substring(2,12),e.src+="#?secret="+t,e.setAttribute("data-secret",t)),e.contentWindow.postMessage({message:"ready",secret:t},"*")},!1)))}(window,document);
//# sourceURL=https://www.electrosuisse.ch/wp-includes/js/wp-embed.min.js
/* ]]> */
</script>

[vc_row][vc_column][vc_column_text]Per determinare le condizioni delle celle della batteria in modo più preciso ed evitare onerose prove di laboratorio, presso il Fraunhofer IFAM di Brema è stato ulteriormente sviluppato il metodo per determinare la resistenza della corrente alternata all&#8217;interno della batteria utilizzando la spettroscopia di impedenza dinamica. In questo modo è possibile effettuare misurazioni durante il [&hellip;]
