{"version":"1.0","provider_name":"Electrosuisse","provider_url":"https:\/\/www.electrosuisse.ch\/de\/","author_name":"Nalini Schempp","author_url":"https:\/\/www.electrosuisse.ch\/de\/author\/schempp\/","title":"Schutz von Personen, Anlagen und Geb\u00e4uden - Electrosuisse","type":"rich","width":600,"height":338,"html":"<blockquote class=\"wp-embedded-content\" data-secret=\"HlnlcXMO5y\"><a href=\"https:\/\/www.electrosuisse.ch\/de\/schutz-von-personen-anlagen-und-gebaeuden\/\">Schutz von Personen, Anlagen und Geb\u00e4uden<\/a><\/blockquote><iframe sandbox=\"allow-scripts\" security=\"restricted\" src=\"https:\/\/www.electrosuisse.ch\/de\/schutz-von-personen-anlagen-und-gebaeuden\/embed\/#?secret=HlnlcXMO5y\" width=\"600\" height=\"338\" title=\"&#8222;Schutz von Personen, Anlagen und Geb\u00e4uden&#8220; &#8211; Electrosuisse\" data-secret=\"HlnlcXMO5y\" frameborder=\"0\" marginwidth=\"0\" marginheight=\"0\" scrolling=\"no\" class=\"wp-embedded-content\"><\/iframe><script type=\"text\/javascript\">\n\/* <![CDATA[ *\/\n\/*! This file is auto-generated *\/\n!function(d,l){\"use strict\";l.querySelector&&d.addEventListener&&\"undefined\"!=typeof URL&&(d.wp=d.wp||{},d.wp.receiveEmbedMessage||(d.wp.receiveEmbedMessage=function(e){var t=e.data;if((t||t.secret||t.message||t.value)&&!\/[^a-zA-Z0-9]\/.test(t.secret)){for(var s,r,n,a=l.querySelectorAll('iframe[data-secret=\"'+t.secret+'\"]'),o=l.querySelectorAll('blockquote[data-secret=\"'+t.secret+'\"]'),c=new RegExp(\"^https?:$\",\"i\"),i=0;i<o.length;i++)o[i].style.display=\"none\";for(i=0;i<a.length;i++)s=a[i],e.source===s.contentWindow&&(s.removeAttribute(\"style\"),\"height\"===t.message?(1e3<(r=parseInt(t.value,10))?r=1e3:~~r<200&&(r=200),s.height=r):\"link\"===t.message&&(r=new URL(s.getAttribute(\"src\")),n=new URL(t.value),c.test(n.protocol))&&n.host===r.host&&l.activeElement===s&&(d.top.location.href=t.value))}},d.addEventListener(\"message\",d.wp.receiveEmbedMessage,!1),l.addEventListener(\"DOMContentLoaded\",function(){for(var e,t,s=l.querySelectorAll(\"iframe.wp-embedded-content\"),r=0;r<s.length;r++)(t=(e=s[r]).getAttribute(\"data-secret\"))||(t=Math.random().toString(36).substring(2,12),e.src+=\"#?secret=\"+t,e.setAttribute(\"data-secret\",t)),e.contentWindow.postMessage({message:\"ready\",secret:t},\"*\")},!1)))}(window,document);\n\/\/# sourceURL=https:\/\/www.electrosuisse.ch\/wp-includes\/js\/wp-embed.min.js\n\/* ]]> *\/\n<\/script>\n","description":"[vc_row][vc_column][vc_column_text]Regelm\u00e4ssige Elektrokontrollen sch\u00fctzen Eigent\u00fcmer und Betreiber vor folgenschweren Personen- oder Sachsch\u00e4den, die unter anderem durch einen Stromschlag, Kurzschluss oder Brand verursacht werden. Mit den Elektrokontrollen und den daraus resultierenden Massnahmen werden zudem unn\u00f6tige Stillst\u00e4nde und Produktionsausf\u00e4lle vermieden. Pr\u00fcfintervall ist vorgegeben In der Verordnung \u00fcber elektrische Niederspannungsinstallationen\u00a0(NIV) ist festgehalten, in welchem Intervall die periodischen Kontrollen durchgef\u00fchrt [&hellip;]","thumbnail_url":"https:\/\/www.electrosuisse.ch\/wp-content\/uploads\/2025\/04\/electrosuisse-logo-1200x675-1.png","thumbnail_width":1200,"thumbnail_height":675}

Schutz von Personen, Anlagen und Gebäuden - Electrosuisse

<blockquote class="wp-embedded-content" data-secret="HlnlcXMO5y"><a href="https://www.electrosuisse.ch/de/schutz-von-personen-anlagen-und-gebaeuden/">Schutz von Personen, Anlagen und Gebäuden</a></blockquote><iframe sandbox="allow-scripts" security="restricted" src="https://www.electrosuisse.ch/de/schutz-von-personen-anlagen-und-gebaeuden/embed/#?secret=HlnlcXMO5y" width="600" height="338" title="&#8222;Schutz von Personen, Anlagen und Gebäuden&#8220; &#8211; Electrosuisse" data-secret="HlnlcXMO5y" frameborder="0" marginwidth="0" marginheight="0" scrolling="no" class="wp-embedded-content"></iframe><script type="text/javascript">
/* <![CDATA[ */
/*! This file is auto-generated */
!function(d,l){"use strict";l.querySelector&&d.addEventListener&&"undefined"!=typeof URL&&(d.wp=d.wp||{},d.wp.receiveEmbedMessage||(d.wp.receiveEmbedMessage=function(e){var t=e.data;if((t||t.secret||t.message||t.value)&&!/[^a-zA-Z0-9]/.test(t.secret)){for(var s,r,n,a=l.querySelectorAll('iframe[data-secret="'+t.secret+'"]'),o=l.querySelectorAll('blockquote[data-secret="'+t.secret+'"]'),c=new RegExp("^https?:$","i"),i=0;i<o.length;i++)o[i].style.display="none";for(i=0;i<a.length;i++)s=a[i],e.source===s.contentWindow&&(s.removeAttribute("style"),"height"===t.message?(1e3<(r=parseInt(t.value,10))?r=1e3:~~r<200&&(r=200),s.height=r):"link"===t.message&&(r=new URL(s.getAttribute("src")),n=new URL(t.value),c.test(n.protocol))&&n.host===r.host&&l.activeElement===s&&(d.top.location.href=t.value))}},d.addEventListener("message",d.wp.receiveEmbedMessage,!1),l.addEventListener("DOMContentLoaded",function(){for(var e,t,s=l.querySelectorAll("iframe.wp-embedded-content"),r=0;r<s.length;r++)(t=(e=s[r]).getAttribute("data-secret"))||(t=Math.random().toString(36).substring(2,12),e.src+="#?secret="+t,e.setAttribute("data-secret",t)),e.contentWindow.postMessage({message:"ready",secret:t},"*")},!1)))}(window,document);
//# sourceURL=https://www.electrosuisse.ch/wp-includes/js/wp-embed.min.js
/* ]]> */
</script>

[vc_row][vc_column][vc_column_text]Regelmässige Elektrokontrollen schützen Eigentümer und Betreiber vor folgenschweren Personen- oder Sachschäden, die unter anderem durch einen Stromschlag, Kurzschluss oder Brand verursacht werden. Mit den Elektrokontrollen und den daraus resultierenden Massnahmen werden zudem unnötige Stillstände und Produktionsausfälle vermieden. Prüfintervall ist vorgegeben In der Verordnung über elektrische Niederspannungsinstallationen (NIV) ist festgehalten, in welchem Intervall die periodischen Kontrollen durchgeführt [&hellip;]
