{"version":"1.0","provider_name":"Electrosuisse","provider_url":"https:\/\/www.electrosuisse.ch\/de\/","author_name":"Andrea Hinterm\u00fcller","author_url":"https:\/\/www.electrosuisse.ch\/de\/author\/hintermueller\/","title":"Drei Sommer-Events zur Zukunft der Mobilit\u00e4t - Electrosuisse","type":"rich","width":600,"height":338,"html":"<blockquote class=\"wp-embedded-content\" data-secret=\"HkP08o5oR2\"><a href=\"https:\/\/www.electrosuisse.ch\/de\/drei-sommer-events-zur-zukunft-der-mobilitaet\/\">Drei Sommer-Events zur Zukunft der Mobilit\u00e4t<\/a><\/blockquote><iframe sandbox=\"allow-scripts\" security=\"restricted\" src=\"https:\/\/www.electrosuisse.ch\/de\/drei-sommer-events-zur-zukunft-der-mobilitaet\/embed\/#?secret=HkP08o5oR2\" width=\"600\" height=\"338\" title=\"&#8222;Drei Sommer-Events zur Zukunft der Mobilit\u00e4t&#8220; &#8211; Electrosuisse\" data-secret=\"HkP08o5oR2\" frameborder=\"0\" marginwidth=\"0\" marginheight=\"0\" scrolling=\"no\" class=\"wp-embedded-content\"><\/iframe><script type=\"text\/javascript\">\n\/* <![CDATA[ *\/\n\/*! This file is auto-generated *\/\n!function(d,l){\"use strict\";l.querySelector&&d.addEventListener&&\"undefined\"!=typeof URL&&(d.wp=d.wp||{},d.wp.receiveEmbedMessage||(d.wp.receiveEmbedMessage=function(e){var t=e.data;if((t||t.secret||t.message||t.value)&&!\/[^a-zA-Z0-9]\/.test(t.secret)){for(var s,r,n,a=l.querySelectorAll('iframe[data-secret=\"'+t.secret+'\"]'),o=l.querySelectorAll('blockquote[data-secret=\"'+t.secret+'\"]'),c=new RegExp(\"^https?:$\",\"i\"),i=0;i<o.length;i++)o[i].style.display=\"none\";for(i=0;i<a.length;i++)s=a[i],e.source===s.contentWindow&&(s.removeAttribute(\"style\"),\"height\"===t.message?(1e3<(r=parseInt(t.value,10))?r=1e3:~~r<200&&(r=200),s.height=r):\"link\"===t.message&&(r=new URL(s.getAttribute(\"src\")),n=new URL(t.value),c.test(n.protocol))&&n.host===r.host&&l.activeElement===s&&(d.top.location.href=t.value))}},d.addEventListener(\"message\",d.wp.receiveEmbedMessage,!1),l.addEventListener(\"DOMContentLoaded\",function(){for(var e,t,s=l.querySelectorAll(\"iframe.wp-embedded-content\"),r=0;r<s.length;r++)(t=(e=s[r]).getAttribute(\"data-secret\"))||(t=Math.random().toString(36).substring(2,12),e.src+=\"#?secret=\"+t,e.setAttribute(\"data-secret\",t)),e.contentWindow.postMessage({message:\"ready\",secret:t},\"*\")},!1)))}(window,document);\n\/\/# sourceURL=https:\/\/www.electrosuisse.ch\/wp-includes\/js\/wp-embed.min.js\n\/* ]]> *\/\n<\/script>\n","description":"[vc_row][vc_column][vc_column_text css=&#8221;&#8221;]Die Mobilit\u00e4t der n\u00e4chsten Generation kann diesen Sommer gleich dreimal hautnah erlebt werden: Im Juli in Z\u00fcrich, im August in Rapperswil und im September in Bern-Belp. Zudem bietet Electrosuisse pro Event einen exklusiven \u00abBackstage\u00bb-Zugang f\u00fcr Mitglieder des Next Generation Network \u2013 jetzt anmelden![\/vc_column_text][vc_column_text css=&#8221;&#8221;] EUROPEAN HYPERLOOP WEEK: 19. bis 21. Juli in Z\u00fcrich Der [&hellip;]","thumbnail_url":"https:\/\/www.electrosuisse.ch\/wp-content\/uploads\/2025\/04\/electrosuisse-logo-1200x675-1.png","thumbnail_width":1200,"thumbnail_height":675}

Andrea Hintermüller

Drei Sommer-Events zur Zukunft der Mobilität - Electrosuisse

<blockquote class="wp-embedded-content" data-secret="HkP08o5oR2"><a href="https://www.electrosuisse.ch/de/drei-sommer-events-zur-zukunft-der-mobilitaet/">Drei Sommer-Events zur Zukunft der Mobilität</a></blockquote><iframe sandbox="allow-scripts" security="restricted" src="https://www.electrosuisse.ch/de/drei-sommer-events-zur-zukunft-der-mobilitaet/embed/#?secret=HkP08o5oR2" width="600" height="338" title="&#8222;Drei Sommer-Events zur Zukunft der Mobilität&#8220; &#8211; Electrosuisse" data-secret="HkP08o5oR2" frameborder="0" marginwidth="0" marginheight="0" scrolling="no" class="wp-embedded-content"></iframe><script type="text/javascript">
/* <![CDATA[ */
/*! This file is auto-generated */
!function(d,l){"use strict";l.querySelector&&d.addEventListener&&"undefined"!=typeof URL&&(d.wp=d.wp||{},d.wp.receiveEmbedMessage||(d.wp.receiveEmbedMessage=function(e){var t=e.data;if((t||t.secret||t.message||t.value)&&!/[^a-zA-Z0-9]/.test(t.secret)){for(var s,r,n,a=l.querySelectorAll('iframe[data-secret="'+t.secret+'"]'),o=l.querySelectorAll('blockquote[data-secret="'+t.secret+'"]'),c=new RegExp("^https?:$","i"),i=0;i<o.length;i++)o[i].style.display="none";for(i=0;i<a.length;i++)s=a[i],e.source===s.contentWindow&&(s.removeAttribute("style"),"height"===t.message?(1e3<(r=parseInt(t.value,10))?r=1e3:~~r<200&&(r=200),s.height=r):"link"===t.message&&(r=new URL(s.getAttribute("src")),n=new URL(t.value),c.test(n.protocol))&&n.host===r.host&&l.activeElement===s&&(d.top.location.href=t.value))}},d.addEventListener("message",d.wp.receiveEmbedMessage,!1),l.addEventListener("DOMContentLoaded",function(){for(var e,t,s=l.querySelectorAll("iframe.wp-embedded-content"),r=0;r<s.length;r++)(t=(e=s[r]).getAttribute("data-secret"))||(t=Math.random().toString(36).substring(2,12),e.src+="#?secret="+t,e.setAttribute("data-secret",t)),e.contentWindow.postMessage({message:"ready",secret:t},"*")},!1)))}(window,document);
//# sourceURL=https://www.electrosuisse.ch/wp-includes/js/wp-embed.min.js
/* ]]> */
</script>

[vc_row][vc_column][vc_column_text css=&#8221;&#8221;]Die Mobilität der nächsten Generation kann diesen Sommer gleich dreimal hautnah erlebt werden: Im Juli in Zürich, im August in Rapperswil und im September in Bern-Belp. Zudem bietet Electrosuisse pro Event einen exklusiven «Backstage»-Zugang für Mitglieder des Next Generation Network – jetzt anmelden![/vc_column_text][vc_column_text css=&#8221;&#8221;] EUROPEAN HYPERLOOP WEEK: 19. bis 21. Juli in Zürich Der [&hellip;]
